) to base 13
-1
Convert 5 (base 10) to base 4.
11
Convert -50 (base 14) to base 16.
-46
Convert -1010 (base 2) to base 15.
-a
-222 (base 4) to base 3
-1120
What is -8 (base 9) in base 13?
-8
What is 178 (base 13) in base 6?
1124
Convert -40 (base 8) to base 13.
-26
What is 2a (base 12) in base 14?
26
What is 0 (base 12) in base 3?
0
3 (base 10) to base 11
3
-14 (base 6) to base 9
-11
-76 (base 14) to base 7
-206
Convert -1110 (base 3) to base 10.
-39
Convert -313 (base 4) to base 15.
-3a
Convert -341 (base 6) to base 7.
-250
What is 0 (base 9) in base 16?
0
a (base 15) to base 2
1010
0 (base 3) to base 4
0
What is 1110 (base 2) in base 13?
11
What is -a1 (base 16) in base 13?
-c5
54 (base 11) to base 13
47
What is 6 (base 12) in base 3?
20
-23 (base 15) to base 16
-21
Convert -9 (base 14) to base 5.
-14
What is -3a (base 16) in base 4?
-322
What is -5 (base 12) in base 3?
-12
Convert 0 (base 11) to base 8.
0
101000 (base 2) to base 9
44
a (base 11) to base 9
11
7 (base 9) to base 11
7
13 (base 13) to base 12
14
35 (base 9) to base 12
28
Convert 4 (base 14) to base 2.
100
-4 (base 6) to base 3
-11
-2 (base 9) to base 14
-2
Convert -2b (base 12) to base 13.
-29
What is -412 (base 8) in base 13?
-176
-10 (base 2) to base 15
-2
Convert -131 (base 8) to base 5.
-324
Convert 17 (base 11) to base 16.
12
Convert -110 (base 2) to base 9.
-6
101 (base 3) to base 9
11
Convert -3 (base 11) to base 8.
-3
-2 (base 8) to base 3
-2
What is -10 (base 13) in base 5?
-23
What is 103 (base 4) in base 12?
17
Convert -2 (base 6) to base 9.
-2
Convert 102 (base 4) to base 6.
30
What is b (base 14) in base 6?
15
Convert 2220 (base 4) to base 10.
168
Convert 43 (base 10) to base 15.
2d
3 (base 12) to base 10
3
What is -1b (base 14) in base 3?
-221
Convert -1 (base 11) to base 8.
-1
Convert -3 (base 5) to base 2.
-11
5 (base 7) to base 12
5
-512 (base 7) to base 4
-3332
-e (base 16) to base 10
-14
Convert -110 (base 3) to base 9.
-13
-111 (base 2) to base 12
-7
What is 10210 (base 3) in base 8?
146
What is -100100 (base 3) in base 12?
-190
What is 187 (base 13) in base 9?
341
What is 23 (base 10) in base 13?
1a
What is -12 (base 11) in base 6?
-21
-13 (base 16) to base 11
-18
What is -47 (base 9) in base 14?
-31
Convert -5 (base 6) to base 16.
-5
What is -30 (base 4) in base 11?
-11
-11 (base 7) to base 4
-20
-75 (base 11) to base 9
-101
-7 (base 9) to base 10
-7
Convert 8 (base 16) to base 15.
8
2 (base 12) to base 3
2
-255 (base 11) to base 9
-365
-100 (base 5) to base 9
-27
What is 86 (base 11) in base 8?
136
0 (base 16) to base 5
0
What is -18 (base 12) in base 2?
-10100
46 (base 14) to base 15
42
What is -54 (base 10) in base 5?
-204
4 (base 15) to base 12
4
13 (base 8) to base 12
b
Convert 10 (base 2) to base 3.
2
Convert -331 (base 4) to base 8.
-75
100 (base 2) to base 9
4
Convert 2 (base 13) to base 8.
2
-5 (base 9) to base 15
-5
What is a (base 14) in base 11?
a
-3 (base 13) to base 15
-3
11 (base 8) to base 6
13
430 (base 7) to base 9
261
53 (base 8) to base 6
111
17 (base 9) to base 12
14
Convert -3 (base 5) to base 12.
-3
What is -2 (base 3) in base 6?
-2
What is 66 (base 15) in base 16?
60
Convert 4 (base 11) to base 12.
4
1 (base 10) to base 5
1
41 (base 6) to base 5
100
What is -4 (base 12) in base 8?
-4
134 (base 5) to base 14
32
What is -2 (base 9) in base 13?
-2
Convert 3 (base 10) to base 15.
3
1 (base 5) to base 13
1
-197 (base 10) to base 16
-c5
-46 (base 7) to base 8
-42
What is 251 (base 6) in base 11?
94
-40 (base 13) to base 2
-110100
3c (base 15) to base 13
45
Convert 107 (base 13) to base 15.
bb
What is 6 (base 15) in base 11?
6
Convert -5 (base 8) to base 11.
-5
1 (base 9) to base 8
1
What is -31 (base 4) in base 9?
-14
Convert 10 (base 2) to base 6.
2
Convert 68 (base 12) to base 3.
2222
Convert -2c (base 15) to base 7.
-60
Convert -30 (base 9) to base 4.
-123
-21 (base 4) to base 7
-12
What is -77 (base 15) in base 9?
-134
What is 0 (base 12) in base 6?
0
What is -5 (base 15) in base 13?
-5
What is -2 (base 14) in base 11?
-2
Convert 120 (base 4) to base 13.
1b
What is 44 (base 6) in base 13?
22
Convert 1012 (base 3) to base 9.
35
Convert 1 (base 14) to base 7.
1
-4 (base 10) to base 13
-4
What is 16 (base 11) in base 15?
12
Convert 67 (base 12) to base 6.
211
What is 3 (base 15) in base 12?
3
1102 (base 5) to base 14
ac
What is 8 (base 16) in base 14?
8
Convert -1 (base 6) to base 9.
-1
What is 1 (base 10) in base 8?
1
Convert -7 (base 9) to base 8.
-7
-3 (base 12) to base 15
-3
What is 7 (base 12) in base 16?
7
-433 (base 6) to base 2
-10100101
What is -62 (base 7) in base 12?
-38
What is 9 (base 14) in base 8?
11
What is 2f (base 16) in base 2?
101111
Convert -34 (base 7) to base 3.
-221
Convert 64 (base 12) to base 3.
2211
Convert -13 (base 4) to base 5.
-12
What is -3 (base 5) in base 10?
-3
Convert -3 (base 5) to base 11.
-3
0 (base 12) to base 2
0
Convert 2111 (base 3) to base 6.
151
22 (base 7) to base 2
10000
8 (base 9) to base 16
8
What is -2 (base 3) in base 16?
-2
What is -23 (base 4) in base 10?
-11
-18 (base 13) to base 6
-33
Convert -10 (base 12) to base 8.
-14
What is b (base 16) in base 5?
21
-34 (base 10) to base 14
-26
What is 127 (base 11) in base 12?
106
What is -8 (base 13) in base 7?
-11
-3 (base 16) to base 4
-3
-351 (base 6) to base 5
-1024
Convert -310 (base 4) to base 15.
-37
What is 5 (base 15) in base 9?
5
11 (base 14) to base 2
1111
2122 (base 3) to base 6
155
-1021 (base 3) to base 10
-34
What is -34 (base 5) in base 12?
-17
4 (base 10) to base 6
4
4 (base 9) to base 5
4
What is 102 (base 4) in base 8?
22
-1 (base 14) to base 2
-1
Convert 9 (base 14) to base 9.
10
31 (base 4) to base 14
d
302 (base 4) to base 13
3b
Convert 5c (base 13) to base 6.
205
What is -1020 (base 3) in base 7?
-45
2 (base 13) to base 9
2
What is -32 (base 7) in base 14?
-19
What is 3 (base 15) in base 6?
3
56 (base 8) to base 9
51
-17 (base 8) to base 4
-33
What is -32 (base 10) in base 14?
-24
-3 (base 4) to base 12
-3
What is 11 (base 3) in base 15?
4
Convert -11101 (base 2) to base 8.
-35
Convert -1 (base 9) to base 2.
-1
-100010 (base 2) to base 4
-202
What is -4e (base 15) in base 12?
-62
What is -15 (base 6) in base 10?
-11
Convert -1114 (base 5) to base 4.
-2133
What is 74 (base 10) in base 15?
4e
32 (base 6) to base 5
40
15 (base 16) to base 5
41
Convert 18 (base 15) to base 16.
17
What is -10011 (base 2) in base 6?
-31
Convert -25 (base 8) to base 10.
-21
-2 (base 8) to base 14
-2
Convert -10 (base 3) to base 8.
-3
Convert -9 (base 12) to base 10.
-9
What is 13 (base 16) in base 8?
23
-6 (base 10) to base 2
-110
What is -2 (base 5) in base 7?
-2
What is -17 (base 10) in base 14?
-13
Convert 25 (base 8) to base 5.
41
What is 17 (base 9) in base 16?
10
What is -5 (base 8) in base 16?
-5
What is -1111 (base 2) in base 8?
-17
What is 11011 (base 3) in base 13?
88
Convert -4 (base 6) to base 13.
-4
1100 (base 4) to base 2
1010000
What is 1 (base 15) in base 12?
1
-7c (base 13) to base 5
-403
What is -3 (base 14) in base 12?
-3
What is 5 (base 11) in base 4?
11
-18 (base 14) to base 6
-34
What is -120 (base 3) in base 5?
-30
Convert -221 (base 7) to base 4.
-1301
Convert -9 (base 11) to base 8.
-11
What is -11 (base 4) in base 14?
-5
What is -7b (base 13) in base 9?
-123
-be (base 16) to base 15
-ca
What is -20 (base 4) in base 6?
-12
Convert -3 (base 6) to base 4.
-3
Convert -204 (base 5) to base 15.
-39
What is -c2 (base 14) in base 3?
-20022
43 (base 10) to base 16
2b
76 (base 10) to base 8
114
What is -21 (base 4) in base 14?
-9
What is 451 (base 8) in base 13?
19b
-25 (base 7) to base 16
-13
0 (base 8) to base 9
0
Convert -4 (base 11) to base 4.
-10
Convert -1012 (base 3) to base 12.
-28
43 (base 14) to base 13
47
1233 (base 4) to base 11
a1
10001100 (base 2) to base 15
95
1011 (base 2) to base 10
11
Convert 4 (base 15) to base 7.
4
What is -121 (base 5) in base 8?
-44
What is 2 (base 8) in base 11?
2
What is -131 (base 4) in base 14?
-21
3d (base 14) to base 7
106
What is -131 (base 10) in base 9?
-155
0 (base 6) to base 14
0
Convert -7 (base 13) to base 3.
-21
What is -2b (base 14) in base 13?
-30
What is 41 (base 5) in base 2?
10101
What is 170 (base 8) in base 15?
80
3 (base 8) to base 5
3
72 (base 12) to base 2
10101